ppose 0 = -2*d - q + 10. Let b = d - -6. Is b a composite number?
False
Let f = 12216 - -2350. Is f prime?
False
Let z = -2 - 1. Let x be 343/42 - z/(-18). Is ((-8596)/x)/7*-2 composite?
False
Suppose 2*r = -3*b + 20, -16 = -2*r - 5*b + 3*b. Let l be (-2 - 1) + (5 - r). Is 2*(3 - 127/l) a composite number?
True
Let c(a) = 12*a**2 - 5*a + 10. Let m be c(4). Suppose 7*k = 5*k + m. Suppose -5*n + f = -f - 151, -3*n + f = -k. Is n composite?
False
Suppose -12 = -2*p - p - 5*k, -p + 4 = -2*k. Let n be -2 - (-62 + p) - -4. Let q = 193 + n. Is q a composite number?
True
Let i = -15 - -16. Let n = i + -21. Is n/8*(2 - 148) a composite number?
True
Let g(f) = -2*f - 16. Let i be g(-10). Is 6236/i*(1 - 0) composite?
False
Let q be (114/4)/((-36)/(-24)). Suppose 84 = j - q. Is j a prime number?
True
Suppose 4*s = -2*o + 604, -5*o = -4*s - 0*s - 1510. Suppose 2*r = -o + 56. Let w = r + 172. Is w a composite number?
True
Is (-3 + 0)*19586/(-42) a composite number?
False
Suppose 2*d + 4*v = 2270 + 7468, 2*d = 4*v + 9778. Let a = -8851 + d. Is a/(-10) + 4/(-20) composite?
False
Let n be 8 + -11 + (-70)/(2 + -4). Let a = 1 + n. Is a composite?
True
Let g(t) = 3*t - 4. Let y be g(5). Suppose 3*u + 1 = -y. Is ((-2)/(-3))/(u/(-1986)) a prime number?
True
Suppose 4*a + 4*b = -4 + 40, -a - 3*b + 17 = 0. Suppose 10884 = -a*g + 17*g. Is g a prime number?
True
Suppose x + 2*x + 2*c - 14373 = 0, -3*x - 4*c + 14373 = 0. Is x prime?
False
Let o = 38 + -32. Suppose 5*h - 3*z = 792, -o*h + h + 4*z = -791. Is h a composite number?
True
Let y be ((-8)/10)/(20/(-200)). Suppose t + 0*t = 2*c + y, 3*t = c + 29. Is t/(-2*(-2)/166) a composite number?
True
Suppose 5*k = -5*b - 925, -4*b + k + 370 = -6*b. Let r = 1194 + b. Is r composite?
False
Suppose 3836 = 4*h - 0*h. Suppose -5*k + 106 = -h. Is k prime?
False
Suppose 5*w - 166688 - 185934 = -3*v, v + 3*w - 117542 = 0. Is v composite?
False
Let o(b) be the second derivative of b**3/6 + 7*b**2 - 3*b. Let i be o(-14). Suppose 5*u - w - 431 = 0, -91 = -u - i*u - w. Is u a prime number?
False
Let z(i) = -i**2 - 3*i + 6. Let b be z(4). Let h = b + 125. Let o = 156 - h. Is o a composite number?
False
Let a = -5586 - -3450. Let f = a + 3697. Is f prime?
False
Let y = -4 - -6. Suppose y*b = -3*b. Suppose b = 2*h + 2, -5*l - h + 571 + 213 = 0. Is l a composite number?
False
Let b = 6612 - 163. Is b a composite number?
False
Suppose -38*r = -6*r - 264544. Is r prime?
False
Is -2 + 7 + -148*(-124 - -5) prime?
False
Let l(z) = -3988*z**3 + 2*z + 3. Is l(-1) a composite number?
False
Suppose -5*b + 15879 = l, 3*b = -2*l + 1138 + 8395. Suppose b = 5*w + 2*h, 0*w + 3*h = 4*w - 2517. Is w a prime number?
False
Is (3/2 - 0)/(12/130120) a prime number?
False
Let u(v) = 2*v + 59 + 3*v**2 - v**2 - 26. Is u(-14) a composite number?
False
Suppose 0 = d - 2*d - 4*h + 7704, 23095 = 3*d - 5*h. Suppose 0 = -9*o + d + 6115. Is o prime?
False
Let f = 11 + -4. Let m be f/(-2)*(-32)/16. Is (2/(-5))/(m/(-245)) a prime number?
False
Suppose 0 = 2*g + 4*g - 3726. Suppose -g - 10 = -x. Is x a composite number?
False
Let v(m) = -13*m - 9. Let w be v(-17). Suppose -16 = 2*s - 3*s. Suppose s*i = 12*i + w. Is i a composite number?
False
Suppose -f + 5680 = 4*q - 16375, 5*f = 2*q - 11011. Is q a prime number?
False
Is (-54)/(-90) - (-127904)/10 a composite number?
False
Suppose -3*r + 480 = 2*m - 3*m, 0 = 2*r - 5*m - 333. Suppose -x = 5*n - r, -4*x + 3*x = 3*n - 149. Let h = x - 51. Is h a prime number?
True
Suppose 3*h - 1371 = 2046. Is h a composite number?
True
Suppose 0 = 2*m + m + 3*a - 1065, -4*m = -a - 1410. Let b = 1116 + m. Is b a composite number?
True
Suppose 4*v = -5*t - v - 19040, 7622 = -2*t + v. Is t/(-12)*(-1)/2*-4 a prime number?
False
Let b(d) be the first derivative of -105*d**2/2 + d - 1. Is b(-2) composite?
False
Suppose 2*g - 4*q = 72, -4*g + q = -9*g + 169. Let s = g + 0. Is s prime?
False
Let b be ((-4)/6)/(2/(-9)). Suppose -b*t + 1288 = 283. Is t prime?
False
Let m be (-396)/14 + 10/35. Let u = m - -48. Is 145*(28/u - 1) composite?
True
Let q(k) = 4*k**2 + 30*k + 41. Let l be 1/(1/18*-1). Is q(l) a composite number?
False
Let d(u) = -u**2 - 9*u + 2. Let o be d(-9). Suppose 2169 = 2*c - 5*m, 0 = o*c + 3*m + m - 2178. Is c a composite number?
False
Let s(a) = -6*a + 3 + 9*a**2 - 4 + 9*a. Let d = 6 - 12. Is s(d) a prime number?
False
Let j(y) = -24*y - 5. Let n(o) = -o**2 + 4*o. Let s be n(2). Suppose 2*l + 42 = -s*l. Is j(l) a composite number?
False
Suppose -4*w - 14 = 238. Let m = w - -1540. Is m a composite number?
True
Is ((-102)/(-12) + -4)/(24/5744) a composite number?
True
Let c(u) = -490*u + 9. Let n(y) = -y + 9. Let x be n(13). Is c(x) prime?
False
Let d(z) = -z + 22. Let w be d(7). Is 1374/w*(-6)/((-6)/5) prime?
False
Let j(r) = -10*r**2 - 6*r + 7. Let p be j(-5). Let h = 424 + p. Is h prime?
True
Let w(b) = 46*b + 167. Is w(36) a prime number?
True
Let i(k) = -21*k + 65. Is i(-17) composite?
True
Let q(n) = -n - 7. Let y be q(-7). Suppose y = -a, -5*c + 2042 = 2*a + 292. Let j = -217 + c. Is j a composite number?
True
Suppose 5*l - 3*l = -4. Is ((-2)/l + -2)/((-2)/742) a composite number?
True
Let y(u) = 1. Let c(f) = 10*f**2 + 7*f - 9. Let a(d) = c(d) - 5*y(d). Is a(11) a prime number?
False
Let p(w) = -160*w**3 + 15*w**2 - 14*w - 55. Is p(-12) composite?
False
Let o be (35/(-21))/(3/(-27)). Let u = -10 + o. Suppose -1418 - 1287 = -u*b. Is b prime?
True
Let y(u) = -4*u + 9. Let b be 54/(-24) + 3/(-4). Let f be y(b). Suppose -2*s + 132 = -5*r - f, 0 = 2*s + r - 159. Is s composite?
False
Let j(m) = 13723*m + 61. Is j(4) composite?
True
Let o(h) = h**2 - h - 4. Let x be o(3). Suppose -2*m + 10 = -x*k, -14 = m - 5*m + 2*k. Suppose 6*i - m*i = 380. Is i a prime number?
False
Let p = 8 + 4. Suppose 2*t - p = -t. Suppose 0*s + 108 = s - k, -t*s - 4*k + 456 = 0. Is s composite?
True
Let n = 1415 + -836. Let a = n + -286. Is a composite?
False
Let r(a) = a**3 - a**2 - 5*a + 5. Let g be r(2). Is (5 - (-444)/g)*(0 - 1) a prime number?
True
Let n = 21837 - 15314. Is n composite?
True
Let q be 3*(79 - 0)*(-1 + 0). Let o = 17 - q. Is o a composite number?
True
Suppose 7*t - 10375 = 2442. Let u = t + -1038. Is u prime?
False
Let d(k) = 3*k**2 - 7*k + 14. Let a(y) = 10*y**2 - 20*y + 43. Let q(h) = 2*a(h) - 7*d(h). Let x be q(8). Let o = x + 26. Is o a prime number?
False
Suppose 5*w + a + 35 = 0, 3*a = -5*w - 9 - 36. Let z = 8 + w. Suppose 2*v - f = -z*v + 655, -5*f = 15. Is v a composite number?
False
Let w = -10 - -10. Suppose z + 4*z - 390 = w. Let f = 139 + z. Is f composite?
True
Let y(q) = 806*q**2 - 4*q - 19. Is y(-4) composite?
False
Suppose -3*m - 1295 = 2*n + 2*m, -5*n - 4*m - 3263 = 0. Let l = 1122 + n. Is l composite?
False
Let p = 11 - 7. Suppose 5*d + 41 + 9 = 5*w, p*d = -4*w. Suppose -15 + 0 = -w*j. Is j composite?
False
Suppose -4*z + 77784 = 2*s, 5*s = -5*z + 6*z - 19457. Is z prime?
True
Let t = -3 + 5. Let a(z) = 4*z**t + 10*z**2 + 4*z**2 + 2. Is a(2) a composite number?
True
Is (-120)/20 - (-3495 - 2) prime?
True
Is (-3 - -4)/(((-4)/2)/(-3946)) a composite number?
False
Let u = -1245 + 3362. Is u prime?
False
Suppose -8*f - 40 = -10*f. Suppose -8*d - 7860 = -f*d. Is d a composite number?
True
Let n(u) = 117*u**2 + 3*u + 53. Is n(10) a composite number?
False
Let u = 1823 + -726. Suppose -4*k - 3*w - 2*w = -u, 4*w = 20. Let h = 459 - k. Is h composite?
False
Let s = -1422 - -1613. Is s a composite number?
False
Is (-78612)/(-13) + -1 + (-12)/(-13) prime?
True
Let k = 23 - 23. Let t(g) = 11*g - 3*g**2 + 9 - 3*g + 15*g**2 + k*g. Is t(-7) composite?
False
Suppose r + 4*f + 1 = -9, r + 3*f + 8 = 0. Is ((-382)/r)/(-2 - -3) prime?
True
Suppose 2*r - 6 + 0 = 0. Suppose r*w - 573 = x, -w = -0*w - 5*x - 191. Is w prime?
True
Suppose 994470 = 31*t - 145927. Is t prime?
True
Suppose 2*v - 15138 = 4*p, 2*v - 5*p + 0*p = 15143. Is v a prime number?
True
Let p = -172 + -109. Let a = -124 - p. Is a prime?
True
Suppose 0 = p + b - 7616, -5*b + 9896 = 2*p - 5339. Is p a composite number?
True
Suppose 2*s + 844 = 3*s. Suppose 11*n - s = 7*n. Is n a prime number?
True
Let d(i) = -i**3 + 2*i. Let x be d(-2). Suppose x*p - 2*f = -480 - 11628, -2*p - 4*f = 6034. Is p/(-45) + 4/(-18) composite?
False
Suppose 2*l = -14*l + 15664. Is l a composite